{"id":105,"date":"2021-01-11T15:07:59","date_gmt":"2021-01-11T14:07:59","guid":{"rendered":"https:\/\/www.lccm.fr\/guide\/?page_id=105"},"modified":"2021-01-14T14:26:11","modified_gmt":"2021-01-14T13:26:11","slug":"micro-dim","status":"publish","type":"page","link":"https:\/\/www.lccm.fr\/guide\/micro-dim\/","title":{"rendered":"Micro DIM"},"content":{"rendered":"\n<p>Pour avoir une machine plus performante, il est souvent d\u2019y ajouter une barrette de m\u00e9moire vive. <a href=\"https:\/\/www.lccm.fr\/guide\/page-d-exemple\/comment-choisir-son-ordinateur-pc-ou-mac\/avantages-et-inconvenients-dun-pc-portable\/comment-choisir-son-pc-portable\/les-differents-elements-dun-pc-portable\/les-composants-dun-pc-portable\/la-vitesse-dexecution-des-programmes\/la-memoire-vive-barette-de-ram-pour-pc-portable\/les-differents-types-de-ram\/la-sdram-et-les-differentes-ram-ddr\/les-differents-formats-de-barettes-de-ram\/\" title=\"Les diff\u00e9rents formats de barettes de RAM\">Les diff\u00e9rents formats de barrettes de RAM<\/a> s\u2019ins\u00e8rent sur le slot d\u00e9di\u00e9 \u00e0 la carte m\u00e8re.<\/p>\n\n\n\n<h2>Qu\u2019est-ce qu\u2019un DIM&nbsp;?<\/h2>\n\n\n\n<p>Un module DIM ou encore double module de m\u00e9moire en ligne est plus connu sous le nom de \u00ab&nbsp;RAM cl\u00e9&nbsp;\u00bb. Il est compos\u00e9 de plusieurs circuits qui sont int\u00e9gr\u00e9s dans la m\u00e9moire vive dynamique et mont\u00e9s sur une m\u00e9moire de circuit imprim\u00e9. Les barrettes DIM ont des puces des deux c\u00f4t\u00e9s.<\/p>\n\n\n\n<p>DIM a commenc\u00e9 \u00e0 surpasser SIMM (module de m\u00e9moire unique). Il peut \u00eatre utilis\u00e9 dans des ordinateurs personnels, des postes de travail ou encore des serveurs. Parmi les modules DIM, il y a le micro DIM.<\/p>\n\n\n\n<h2>Avantages de l\u2019utilisation d\u2019un Micro DIM<\/h2>\n\n\n\n<p>Le micro DIM est un ancien type de RAM, mais la technologie ne cesse d\u2019\u00e9voluer. Son premier avantage se trouve dans le fait qu\u2019il est totalement compatible avec tous les syst\u00e8mes d\u2019exploitation 64 bits.<\/p>\n\n\n\n<p>Le micro DIM&nbsp;est tr\u00e8s pratique et peu encombrant. Un petit espace suffit pour l\u2019installer et le faire fonctionner. Comme le nombre de contacts est plus \u00e9lev\u00e9 par rapport aux barrettes SIMM, les donn\u00e9es sont transmises par groupes de 64 octets, soit 8 octets en une fois. Un micro DIM est surtout utilis\u00e9 pour les ordinateurs portables.<\/p>\n\n\n\n<h2>Comment changer une barrette DIM&nbsp;?<\/h2>\n\n\n\n<p>Pour une bonne installation, il faut d\u2019abord rep\u00e9rer l\u2019emplacement de la barrette DIMM sur la carte m\u00e8re. Il faut aussi lire les instructions du constructeur afin d\u2019avoir une id\u00e9e de l\u2019organisation des emplacements pour une utilisation par paire. Ensuite, il convient de&nbsp;d\u00e9terminer si les couleurs de ces emplacements sont les m\u00eames. Cela indique qu\u2019ils peuvent \u00eatre associ\u00e9s par paire.<\/p>\n\n\n\n<p>S\u2019il y a des doutes, il est possible de num\u00e9roter les emplacements. Comme conseil, faites&nbsp;attention \u00e0 bien placer chaque barrette en prenant en compte le d\u00e9trompeur qui est con\u00e7u pour s\u2019enclencher dans l\u2019encoche de la barrette.<\/p>\n","protected":false},"excerpt":{"rendered":"<p>Pour avoir une machine plus performante, il est souvent d\u2019y ajouter une barrette de m\u00e9moire vive. Les diff\u00e9rents formats de barrettes de RAM s\u2019ins\u00e8rent sur le slot d\u00e9di\u00e9 \u00e0 la carte m\u00e8re. Qu\u2019est-ce qu\u2019un DIM&nbsp;? Un module DIM ou encore double module de m\u00e9moire en ligne est plus connu sous le nom de \u00ab&nbsp;RAM cl\u00e9&nbsp;\u00bb. [&hellip;]<\/p>\n","protected":false},"author":1,"featured_media":0,"parent":50,"menu_order":0,"comment_status":"closed","ping_status":"closed","template":"","meta":[],"_links":{"self":[{"href":"https:\/\/www.lccm.fr\/guide\/wp-json\/wp\/v2\/pages\/105"}],"collection":[{"href":"https:\/\/www.lccm.fr\/guide\/wp-json\/wp\/v2\/pages"}],"about":[{"href":"https:\/\/www.lccm.fr\/guide\/wp-json\/wp\/v2\/types\/page"}],"author":[{"embeddable":true,"href":"https:\/\/www.lccm.fr\/guide\/wp-json\/wp\/v2\/users\/1"}],"replies":[{"embeddable":true,"href":"https:\/\/www.lccm.fr\/guide\/wp-json\/wp\/v2\/comments?post=105"}],"version-history":[{"count":1,"href":"https:\/\/www.lccm.fr\/guide\/wp-json\/wp\/v2\/pages\/105\/revisions"}],"predecessor-version":[{"id":106,"href":"https:\/\/www.lccm.fr\/guide\/wp-json\/wp\/v2\/pages\/105\/revisions\/106"}],"up":[{"embeddable":true,"href":"https:\/\/www.lccm.fr\/guide\/wp-json\/wp\/v2\/pages\/50"}],"wp:attachment":[{"href":"https:\/\/www.lccm.fr\/guide\/wp-json\/wp\/v2\/media?parent=105"}],"curies":[{"name":"wp","href":"https:\/\/api.w.org\/{rel}","templated":true}]}}